{"id":921,"date":"2025-05-01T23:25:39","date_gmt":"2025-05-01T23:25:39","guid":{"rendered":"https:\/\/yanginguvenlikmalzemeleri.com\/?page_id=921"},"modified":"2025-05-01T23:28:04","modified_gmt":"2025-05-01T23:28:04","slug":"santral-sistemleri","status":"publish","type":"page","link":"https:\/\/yanginguvenlikmalzemeleri.com\/index.php\/santral-sistemleri\/","title":{"rendered":"Santral Sistemleri"},"content":{"rendered":"\t\t<div data-elementor-type=\"wp-page\" data-elementor-id=\"921\" class=\"elementor elementor-921\">\n\t\t\t\t<div class=\"elementor-element elementor-element-5079ce9 e-flex e-con-boxed e-con e-parent\" data-id=\"5079ce9\" data-element_type=\"container\">\n\t\t\t\t\t<div class=\"e-con-inner\">\n\t\t\t\t<div class=\"elementor-element elementor-element-69355c5 elementor-widget elementor-widget-heading\" data-id=\"69355c5\" data-element_type=\"widget\" data-widget_type=\"heading.default\">\n\t\t\t\t<div class=\"elementor-widget-container\">\n\t\t\t\t\t<h2 class=\"elementor-heading-title elementor-size-default\">Santral Sistemleri<\/h2>\t\t\t\t<\/div>\n\t\t\t\t<\/div>\n\t\t\t\t<div class=\"elementor-element elementor-element-0d7ce0e elementor-widget-divider--view-line elementor-widget elementor-widget-divider\" data-id=\"0d7ce0e\" data-element_type=\"widget\" data-widget_type=\"divider.default\">\n\t\t\t\t<div class=\"elementor-widget-container\">\n\t\t\t\t\t\t\t<div class=\"elementor-divider\">\n\t\t\t<span class=\"elementor-divider-separator\">\n\t\t\t\t\t\t<\/span>\n\t\t<\/div>\n\t\t\t\t\t\t<\/div>\n\t\t\t\t<\/div>\n\t\t\t\t\t<\/div>\n\t\t\t\t<\/div>\n\t\t<div class=\"elementor-element elementor-element-1a75fd9 e-flex e-con-boxed e-con e-parent\" data-id=\"1a75fd9\" data-element_type=\"container\">\n\t\t\t\t\t<div class=\"e-con-inner\">\n\t\t<div class=\"elementor-element elementor-element-dbfc217 e-con-full e-flex e-con e-child\" data-id=\"dbfc217\" data-element_type=\"container\">\n\t\t\t\t<div class=\"elementor-element elementor-element-c36c486 elementor-widget elementor-widget-text-editor\" data-id=\"c36c486\" data-element_type=\"widget\" data-widget_type=\"text-editor.default\">\n\t\t\t\t<div class=\"elementor-widget-container\">\n\t\t\t\t\t\t\t\t\t<p>Santral sistemleri, \u00f6zellikle b\u00fcy\u00fck i\u015fletmeler ve kurumlar i\u00e7in telefon ve ileti\u015fim trafi\u011fini y\u00f6netmek amac\u0131yla kullan\u0131lan entegre \u00e7\u00f6z\u00fcmlerdir. Bu sistemler, gelen ve giden \u00e7a\u011fr\u0131lar\u0131 y\u00f6nlendirerek, farkl\u0131 departmanlar aras\u0131nda ileti\u015fim kurulmas\u0131n\u0131 sa\u011flar ve telefon trafi\u011fini d\u00fczenler. Geleneksel analog santrallerin yerini alarak, dijital ve IP tabanl\u0131 santral sistemleri, daha esnek ve verimli \u00e7\u00f6z\u00fcmler sunmaktad\u0131r. IP santralleri, internet protokol\u00fc \u00fczerinden \u00e7al\u0131\u015farak, telefon hatt\u0131 kullan\u0131m\u0131n\u0131 optimize eder ve uzak ofisler aras\u0131 ileti\u015fimi kolayla\u015ft\u0131r\u0131r. Bu sistemler, hem sabit hem de mobil cihazlar aras\u0131nda kesintisiz bir ileti\u015fim sa\u011flar ve kullan\u0131c\u0131lar\u0131n internet \u00fczerinden \u00e7a\u011fr\u0131 yapabilmesine olanak tan\u0131r.<\/p>\t\t\t\t\t\t\t\t<\/div>\n\t\t\t\t<\/div>\n\t\t\t\t<\/div>\n\t\t<div class=\"elementor-element elementor-element-2ca85fd e-con-full e-flex e-con e-child\" data-id=\"2ca85fd\" data-element_type=\"container\">\n\t\t\t\t<div class=\"elementor-element elementor-element-f7d5971 elementor-widget elementor-widget-image\" data-id=\"f7d5971\" data-element_type=\"widget\" data-widget_type=\"image.default\">\n\t\t\t\t<div class=\"elementor-widget-container\">\n\t\t\t\t\t\t\t\t\t\t\t\t\t\t\t<img fetchpriority=\"high\" decoding=\"async\" width=\"1280\" height=\"853\" src=\"https:\/\/yanginguvenlikmalzemeleri.com\/wp-content\/uploads\/2024\/04\/pexels-karolina-grabowska-5717892-1.jpg\" class=\"attachment-full size-full wp-image-754\" alt=\"\" srcset=\"https:\/\/yanginguvenlikmalzemeleri.com\/wp-content\/uploads\/2024\/04\/pexels-karolina-grabowska-5717892-1.jpg 1280w, https:\/\/yanginguvenlikmalzemeleri.com\/wp-content\/uploads\/2024\/04\/pexels-karolina-grabowska-5717892-1-300x200.jpg 300w, https:\/\/yanginguvenlikmalzemeleri.com\/wp-content\/uploads\/2024\/04\/pexels-karolina-grabowska-5717892-1-640x427.jpg 640w, https:\/\/yanginguvenlikmalzemeleri.com\/wp-content\/uploads\/2024\/04\/pexels-karolina-grabowska-5717892-1-64x43.jpg 64w, https:\/\/yanginguvenlikmalzemeleri.com\/wp-content\/uploads\/2024\/04\/pexels-karolina-grabowska-5717892-1-1024x682.jpg 1024w, https:\/\/yanginguvenlikmalzemeleri.com\/wp-content\/uploads\/2024\/04\/pexels-karolina-grabowska-5717892-1-768x512.jpg 768w\" sizes=\"(max-width: 1280px) 100vw, 1280px\" \/>\t\t\t\t\t\t\t\t\t\t\t\t\t\t\t<\/div>\n\t\t\t\t<\/div>\n\t\t\t\t<\/div>\n\t\t\t\t\t<\/div>\n\t\t\t\t<\/div>\n\t\t<div class=\"elementor-element elementor-element-adf3705 e-flex e-con-boxed e-con e-parent\" data-id=\"adf3705\" data-element_type=\"container\">\n\t\t\t\t\t<div class=\"e-con-inner\">\n\t\t<div class=\"elementor-element elementor-element-354dd1e e-con-full e-flex e-con e-child\" data-id=\"354dd1e\" data-element_type=\"container\">\n\t\t\t\t<div class=\"elementor-element elementor-element-fd044ab elementor-widget elementor-widget-image\" data-id=\"fd044ab\" data-element_type=\"widget\" data-widget_type=\"image.default\">\n\t\t\t\t<div class=\"elementor-widget-container\">\n\t\t\t\t\t\t\t\t\t\t\t\t\t\t\t<img fetchpriority=\"high\" decoding=\"async\" width=\"1280\" height=\"853\" src=\"https:\/\/yanginguvenlikmalzemeleri.com\/wp-content\/uploads\/2024\/04\/pexels-karolina-grabowska-5717892-1.jpg\" class=\"attachment-full size-full wp-image-754\" alt=\"\" srcset=\"https:\/\/yanginguvenlikmalzemeleri.com\/wp-content\/uploads\/2024\/04\/pexels-karolina-grabowska-5717892-1.jpg 1280w, https:\/\/yanginguvenlikmalzemeleri.com\/wp-content\/uploads\/2024\/04\/pexels-karolina-grabowska-5717892-1-300x200.jpg 300w, https:\/\/yanginguvenlikmalzemeleri.com\/wp-content\/uploads\/2024\/04\/pexels-karolina-grabowska-5717892-1-640x427.jpg 640w, https:\/\/yanginguvenlikmalzemeleri.com\/wp-content\/uploads\/2024\/04\/pexels-karolina-grabowska-5717892-1-64x43.jpg 64w, https:\/\/yanginguvenlikmalzemeleri.com\/wp-content\/uploads\/2024\/04\/pexels-karolina-grabowska-5717892-1-1024x682.jpg 1024w, https:\/\/yanginguvenlikmalzemeleri.com\/wp-content\/uploads\/2024\/04\/pexels-karolina-grabowska-5717892-1-768x512.jpg 768w\" sizes=\"(max-width: 1280px) 100vw, 1280px\" \/>\t\t\t\t\t\t\t\t\t\t\t\t\t\t\t<\/div>\n\t\t\t\t<\/div>\n\t\t\t\t<\/div>\n\t\t<div class=\"elementor-element elementor-element-c9e4020 e-con-full e-flex e-con e-child\" data-id=\"c9e4020\" data-element_type=\"container\">\n\t\t\t\t<div class=\"elementor-element elementor-element-53ac706 elementor-widget elementor-widget-text-editor\" data-id=\"53ac706\" data-element_type=\"widget\" data-widget_type=\"text-editor.default\">\n\t\t\t\t<div class=\"elementor-widget-container\">\n\t\t\t\t\t\t\t\t\t<p class=\"\" data-start=\"1207\" data-end=\"1479\">Santral sistemlerinin sundu\u011fu avantajlar aras\u0131nda, otomatik \u00e7a\u011fr\u0131 y\u00f6nlendirme, sesli yan\u0131t sistemleri (IVR), \u00e7a\u011fr\u0131 kayd\u0131 ve raporlama \u00f6zellikleri bulunmaktad\u0131r. Bu \u00f6zellikler, m\u00fc\u015fteri hizmetleri, \u00e7a\u011fr\u0131 merkezi uygulamalar\u0131 ve i\u00e7 ileti\u015fim s\u00fcre\u00e7lerini daha verimli hale getirir. Ayr\u0131ca, santral sistemleri, sesli mesaj b\u0131rakma, \u00e7a\u011fr\u0131 bekletme ve grup \u00e7a\u011fr\u0131lar\u0131 gibi \u00f6zellikler sunarak, i\u015f s\u00fcre\u00e7lerinin aksamadan devam etmesine yard\u0131mc\u0131 olur. G\u00fcn\u00fcm\u00fczde, bulut tabanl\u0131 santral \u00e7\u00f6z\u00fcmleri de pop\u00fcler hale gelmi\u015ftir. Bu sistemler, i\u015fletmelere, fiziksel donan\u0131m ve altyap\u0131 gereksinimlerini ortadan kald\u0131rarak, daha d\u00fc\u015f\u00fck maliyetle esnek ve \u00f6l\u00e7eklenebilir ileti\u015fim \u00e7\u00f6z\u00fcmleri sunar. Modern santral sistemleri, i\u015fletmelerin b\u00fcy\u00fckl\u00fc\u011f\u00fc ne olursa olsun, ileti\u015fimi kolayla\u015ft\u0131r\u0131rken, i\u015f g\u00fcc\u00fcn\u00fcn verimlili\u011fini de art\u0131rmaktad\u0131r.<\/p>\t\t\t\t\t\t\t\t<\/div>\n\t\t\t\t<\/div>\n\t\t\t\t<\/div>\n\t\t\t\t\t<\/div>\n\t\t\t\t<\/div>\n\t\t\t\t<\/div>\n\t\t","protected":false},"excerpt":{"rendered":"<p>Santral Sistemleri Santral sistemleri, \u00f6zellikle b\u00fcy\u00fck i\u015fletmeler ve kurumlar i\u00e7in telefon ve ileti\u015fim trafi\u011fini y\u00f6netmek amac\u0131yla kullan\u0131lan entegre \u00e7\u00f6z\u00fcmlerdir. Bu sistemler, gelen ve giden \u00e7a\u011fr\u0131lar\u0131 y\u00f6nlendirerek, farkl\u0131 departmanlar aras\u0131nda ileti\u015fim kurulmas\u0131n\u0131 sa\u011flar ve telefon trafi\u011fini d\u00fczenler. Geleneksel analog santrallerin yerini alarak, dijital ve IP tabanl\u0131 santral sistemleri, daha esnek ve verimli \u00e7\u00f6z\u00fcmler sunmaktad\u0131r. IP santralleri, [&hellip;]<\/p>\n","protected":false},"author":1,"featured_media":0,"parent":0,"menu_order":0,"comment_status":"closed","ping_status":"closed","template":"tmpl\/template-fullwidth.php","meta":{"_acf_changed":false,"inline_featured_image":false,"footnotes":""},"class_list":["post-921","page","type-page","status-publish","hentry"],"acf":[],"_links":{"self":[{"href":"https:\/\/yanginguvenlikmalzemeleri.com\/index.php\/wp-json\/wp\/v2\/pages\/921","targetHints":{"allow":["GET"]}}],"collection":[{"href":"https:\/\/yanginguvenlikmalzemeleri.com\/index.php\/wp-json\/wp\/v2\/pages"}],"about":[{"href":"https:\/\/yanginguvenlikmalzemeleri.com\/index.php\/wp-json\/wp\/v2\/types\/page"}],"author":[{"embeddable":true,"href":"https:\/\/yanginguvenlikmalzemeleri.com\/index.php\/wp-json\/wp\/v2\/users\/1"}],"replies":[{"embeddable":true,"href":"https:\/\/yanginguvenlikmalzemeleri.com\/index.php\/wp-json\/wp\/v2\/comments?post=921"}],"version-history":[{"count":4,"href":"https:\/\/yanginguvenlikmalzemeleri.com\/index.php\/wp-json\/wp\/v2\/pages\/921\/revisions"}],"predecessor-version":[{"id":939,"href":"https:\/\/yanginguvenlikmalzemeleri.com\/index.php\/wp-json\/wp\/v2\/pages\/921\/revisions\/939"}],"wp:attachment":[{"href":"https:\/\/yanginguvenlikmalzemeleri.com\/index.php\/wp-json\/wp\/v2\/media?parent=921"}],"curies":[{"name":"wp","href":"https:\/\/api.w.org\/{rel}","templated":true}]}}